{"id":45,"date":"2018-05-27T08:35:56","date_gmt":"2018-05-27T08:35:56","guid":{"rendered":"http:\/\/elbdeich-camping.de\/?page_id=45"},"modified":"2026-03-02T11:46:10","modified_gmt":"2026-03-02T11:46:10","slug":"moin-moin","status":"publish","type":"page","link":"https:\/\/elbdeich-camping.de\/","title":{"rendered":"Unsere Zeit geht nun zu Ende &#8230;"},"content":{"rendered":"<h1>Elbdeich-Camping Kollmar<\/h1>\n<p>Liebe G\u00e4ste,<br \/>\nnach mehr als 32 Jahren stellen wir unsere T\u00e4tigkeit auf dem Campingplatz aus Altersgr\u00fcnden ein. Vielen Dank f\u00fcr die vielen wundervollen Jahre \u2013 wir haben die Zeit mit euch sehr genossen!<\/p>\n<h4><em><strong>Johann und Helga von Drathen<\/strong><\/em><\/h4>\n<p><img loading=\"lazy\" decoding=\"async\" class=\"alignnone wp-image-133 size-full\" src=\"http:\/\/elbdeich-camping.de\/wp-content\/uploads\/2026\/02\/Ende_CamPing_Danke.jpg\" alt=\"\" width=\"1200\" height=\"900\" srcset=\"https:\/\/elbdeich-camping.de\/wp-content\/uploads\/2026\/02\/Ende_CamPing_Danke.jpg 1200w, https:\/\/elbdeich-camping.de\/wp-content\/uploads\/2026\/02\/Ende_CamPing_Danke-300x225.jpg 300w, https:\/\/elbdeich-camping.de\/wp-content\/uploads\/2026\/02\/Ende_CamPing_Danke-1024x768.jpg 1024w, https:\/\/elbdeich-camping.de\/wp-content\/uploads\/2026\/02\/Ende_CamPing_Danke-768x576.jpg 768w\" sizes=\"auto, (max-width: 1200px) 100vw, 1200px\" \/><\/p>\n","protected":false},"excerpt":{"rendered":"<p>Elbdeich-Camping Kollmar Liebe G\u00e4ste, nach mehr als 32 Jahren stellen wir unsere T\u00e4tigkeit auf dem Campingplatz aus Altersgr\u00fcnden ein. Vielen Dank f\u00fcr die vielen wundervollen Jahre \u2013 wir haben die Zeit mit euch sehr genossen! Johann und Helga von Drathen<\/p>\n","protected":false},"author":1,"featured_media":0,"parent":0,"menu_order":0,"comment_status":"closed","ping_status":"closed","template":"page-templates\/full-width.php","meta":{"footnotes":""},"class_list":["post-45","page","type-page","status-publish","hentry"],"_links":{"self":[{"href":"https:\/\/elbdeich-camping.de\/index.php?rest_route=\/wp\/v2\/pages\/45","targetHints":{"allow":["GET"]}}],"collection":[{"href":"https:\/\/elbdeich-camping.de\/index.php?rest_route=\/wp\/v2\/pages"}],"about":[{"href":"https:\/\/elbdeich-camping.de\/index.php?rest_route=\/wp\/v2\/types\/page"}],"author":[{"embeddable":true,"href":"https:\/\/elbdeich-camping.de\/index.php?rest_route=\/wp\/v2\/users\/1"}],"replies":[{"embeddable":true,"href":"https:\/\/elbdeich-camping.de\/index.php?rest_route=%2Fwp%2Fv2%2Fcomments&post=45"}],"version-history":[{"count":9,"href":"https:\/\/elbdeich-camping.de\/index.php?rest_route=\/wp\/v2\/pages\/45\/revisions"}],"predecessor-version":[{"id":141,"href":"https:\/\/elbdeich-camping.de\/index.php?rest_route=\/wp\/v2\/pages\/45\/revisions\/141"}],"wp:attachment":[{"href":"https:\/\/elbdeich-camping.de\/index.php?rest_route=%2Fwp%2Fv2%2Fmedia&parent=45"}],"curies":[{"name":"wp","href":"https:\/\/api.w.org\/{rel}","templated":true}]}}

<h1>Elbdeich-Camping Kollmar</h1>
<p>Liebe Gäste,<br />
nach mehr als 32 Jahren stellen wir unsere Tätigkeit auf dem Campingplatz aus Altersgründen ein. Vielen Dank für die vielen wundervollen Jahre – wir haben die Zeit mit euch sehr genossen!</p>
<h4><em><strong>Johann und Helga von Drathen</strong></em></h4>
<p><img loading="lazy" decoding="async" class="alignnone wp-image-133 size-full" src="http://elbdeich-camping.de/wp-content/uploads/2026/02/Ende_CamPing_Danke.jpg" alt="" width="1200" height="900" srcset="https://elbdeich-camping.de/wp-content/uploads/2026/02/Ende_CamPing_Danke.jpg 1200w, https://elbdeich-camping.de/wp-content/uploads/2026/02/Ende_CamPing_Danke-300x225.jpg 300w, https://elbdeich-camping.de/wp-content/uploads/2026/02/Ende_CamPing_Danke-1024x768.jpg 1024w, https://elbdeich-camping.de/wp-content/uploads/2026/02/Ende_CamPing_Danke-768x576.jpg 768w" sizes="auto, (max-width: 1200px) 100vw, 1200px" /></p>

<p>Elbdeich-Camping Kollmar Liebe Gäste, nach mehr als 32 Jahren stellen wir unsere Tätigkeit auf dem Campingplatz aus Altersgründen ein. Vielen Dank für die vielen wundervollen Jahre – wir haben die Zeit mit euch sehr genossen! Johann und Helga von Drathen</p>
